4.
210220
Convert -132130 (base 4) to base 7.
-5452
What is -1073 (base 16) in base 4?
-1001303
-44354 (base 9) to base 10
-29452
-74c (base 14) to base 2
-10110100000
Convert e3fe (base 16) to base 8.
161776
Convert 14414 (base 5) to base 4.
103102
-4570 (base 9) to base 15
-1009
-6044 (base 12) to base 2
-10100010110100
What is -484 (base 10) in base 12?
-344
Convert -211 (base 5) to base 2.
-111000
-100012 (base 3) to base 5
-1443
Convert -2100110 (base 3) to base 8.
-3261
What is -2820 (base 9) in base 3?
-2220200
1337 (base 14) to base 13
1701
Convert -26305 (base 8) to base 14.
-4269
What is aff7 (base 16) in base 11?
30932
What is 623 (base 8) in base 6?
1511
-1113 (base 6) to base 2
-100000101
Convert 35666 (base 7) to base 14.
3536
What is 4170 (base 8) in base 11?
16a1
Convert 333011 (base 4) to base 9.
5475
Convert a0b (base 12) to base 5.
21301
-1126 (base 11) to base 8
-2710
13231220 (base 4) to base 7
161051
1317 (base 8) to base 5
10334
-2305 (base 6) to base 2
-1000100001
What is 100102121 (base 3) in base 14?
2710
14 (base 10) to base 3
112
What is -110110101001 (base 2) in base 7?
-13124
-5562 (base 8) to base 6
-21322
What is 22002 (base 12) in base 14?
12534
3c4 (base 14) to base 4
23320
-50116 (base 8) to base 6
-235102
Convert -4650 (base 7) to base 10.
-1701
2182 (base 10) to base 8
4206
What is 1321040 (base 5) in base 6?
322111
-320300 (base 4) to base 12
-2128
What is -136 (base 10) in base 12?
-b4
-1c032 (base 14) to base 9
-117830
What is dc (base 14) in base 7?
365
What is -141011 (base 5) in base 12?
-33b8
Convert 1373 (base 15) to base 5.
113113
164203 (base 7) to base 3
1122211121
Convert 1312b (base 12) to base 14.
9723
What is -13dc (base 16) in base 3?
-20222022
Convert 20a3 (base 11) to base 9.
3723
What is -130 (base 6) in base 16?
-36
599 (base 11) to base 4
23021
What is 3739 (base 11) in base 10?
4882
5a82 (base 11) to base 5
223310
-12303323 (base 4) to base 11
-19a63
Convert -561 (base 10) to base 7.
-1431
What is -12123 (base 4) in base 13?
-258
-345 (base 12) to base 2
-111100101
What is 3331 (base 9) in base 7?
10111
Convert -273 (base 10) to base 8.
-421
What is -1a2 (base 13) in base 14?
-177
Convert -10110010111000110 (base 2) to base 13.
-328c5
Convert -121 (base 14) to base 11.
-195
What is -5461 (base 8) in base 7?
-11232
4098 (base 13) to base 3
110020010
142330 (base 7) to base 3
1101101211
1124 (base 7) to base 4
12122
Convert -1121200 (base 4) to base 16.
-1660
b060 (base 12) to base 14
6d4c
2220 (base 9) to base 5
23023
What is -1101001001110 (base 2) in base 16?
-1a4e
-5860 (base 9) to base 15
-144c
4c8 (base 13) to base 9
1133
What is -1b71 (base 13) in base 10?
-4148
Convert -142412 (base 7) to base 11.
-19570
-9b95 (base 14) to base 3
-1101000101
23303 (base 7) to base 10
5981
Convert -1362 (base 11) to base 13.
-a57
Convert 947 (base 10) to base 9.
1262
What is -510351 (base 6) in base 5?
-2242230
Convert -8 (base 16) to base 10.
-8
-223d (base 15) to base 7
-30106
What is 111101001 (base 2) in base 4?
13221
-42985 (base 11) to base 14
-18a5a
Convert -23444 (base 5) to base 13.
-a47
Convert -11441 (base 10) to base 12.
-6755
What is -1624 (base 8) in base 4?
-32110
33a (base 15) to base 12
50a
What is 11402 (base 6) in base 14?
866
What is 12651 (base 7) in base 13?
172b
-2130 (base 5) to base 11
-244
100010011 (base 2) to base 11
230
12b (base 15) to base 6
1122
-26a51 (base 13) to base 15
-16540
What is -33233101 (base 4) in base 2?
-1111101111010001
212120 (base 3) to base 16
27c
What is 1187 (base 9) in base 12?
621
Convert 10 (base 11) to base 13.
b
202203 (base 5) to base 13
2ca1
Convert 2002202 (base 4) to base 14.
308a
-243 (base 14) to base 4
-13003
What is 13601 (base 8) in base 16?
1781
Convert 172 (base 12) to base 8.
346
-1121 (base 7) to base 12
-29b
What is -110110011011 (base 2) in base 14?
-13ab
Convert 4323 (base 7) to base 3.
2002220
What is 2310 (base 6) in base 11?
457
What is 1211010120 (base 3) in base 15?
a92c
What is 23538 (base 12) in base 5?
3004140
What is 876 (base 10) in base 9?
1173
Convert -22102 (base 10) to base 16.
-5656
8665 (base 9) to base 10
6377
Convert 100 (base 7) to base 5.
144
What is -113024 (base 5) in base 3?
-12200022
Convert -2254 (base 12) to base 16.
-ee0
a920 (base 11) to base 13
6744
What is 2441 (base 6) in base 13?
373
What is -40412 (base 6) in base 8?
-12330
What is 8a01 (base 13) in base 2?
100101101000011
What is 20673 (base 10) in base 2?
101000011000001
Convert 611 (base 14) to base 5.
14231
What is -178 (base 15) in base 3?
-110112
What is -5604 (base 8) in base 10?
-2948
What is 122201 (base 4) in base 2?
11010100001
49 (base 10) to base 14
37
11a17 (base 11) to base 9
25531
1100110 (base 4) to base 6
35444
1f (base 16) to base 15
21
Convert -4734 (base 9) to base 13.
-17a4
Convert 8b9 (base 15) to base 11.
1535
What is 3752 (base 12) in base 10?
6254
1113110 (base 4) to base 13
270b
Convert -6114 (base 8) to base 9.
-4277
What is 100111001011101 (base 2) in base 9?
30460
-15090 (base 13) to base 15
-bb43
What is -4114 (base 5) in base 7?
-1362
What is 1422230 (base 5) in base 9?
44648
Convert 56152 (base 7) to base 11.
a6a3
-204a9 (base 12) to base 10
-42177
8140 (base 13) to base 2
100010110000101
What is -4788 (base 13) in base 16?
-2763
-6b (base 15) to base 6
-245
Convert -410232 (base 6) to base 10.
-32492
10713 (base 8) to base 16
11cb
-3d46 (base 14) to base 4
-2221122
-351250 (base 6) to base 4
-13112232
66413 (base 7) to base 2
100000100011110
-1101101 (base 2) to base 9
-131
Convert -33321 (base 6) to base 2.
-1001000110001
7ff5 (base 16) to base 12
16b59
Convert 10822 (base 10) to base 7.
43360
Convert 135b5 (base 12) to base 3.
1100201202
203112 (base 4) to base 2
100011010110
What is -113123 (base 4) in base 12?
-a4b
What is 1010020012 (base 3) in base 6?
250005
Convert -3421231 (base 5) to base 6.
-1145320
-49a (base 13) to base 9
-1082
-110332 (base 4) to base 11
-1010
-1101011111011 (base 2) to base 7
-26065
Convert 224040 (base 5) to base 9.
12001
-30223 (base 4) to base 3
-1010001
-24606 (base 9) to base 2
-100000010010010
-127 (base 9) to base 5
-411
What is -6b6 (base 13) in base 7?
-3251
Convert -530 (base 9) to base 16.
-1b0
What is -124740 (base 8) in base 16?
-a9e0
What is -7b5 (base 12) in base 13?
-6a1
What is 21033213 (base 4) in base 8?
111747
Convert 3a2 (base 13) to base 5.
10024
Convert 13000 (base 4) to base 6.
2024
What is 560a (base 14) in base 7?
61313
-30011 (base 4) to base 9
-1048
What is -66841 (base 9) in base 2?
-1010110110001001
Convert 1100000010000 (base 2) to base 10.
6160
Convert 110001111101101 (base 2) to base 13.
b84a
Convert 42002 (base 7) to base 8.
24064
7404 (base 8) to base 2
111100000100
Convert -6643 (base 8) to base 13.
-1787
Convert 3028 (base 11) to base 4.
332313
What is -306 (base 15) in base 6?
-3053
11001001111110 (base 2) to base 15
3c6b
100301 (base 5) to base 4
302001
Convert -116335 (base 8) to base 2.
-1001110011011101
Convert -25552 (base 6) to base 10.
-3884
-20223 (base 4) to base 9
-676
What is -71 (base 9) in base 16?
-40
Convert -38a (base 14) to base 5.
-10320
What is -15a6 (base 13) in base 9?
-4321
-1101111000010 (base 2) to base 4
-1233002
What is -200010 (base 3) in base 2?
-111101001
5771 (base 10) to base 16
168b
303200 (base 5) to base 4
2121020
Convert -2342 (base 7) to base 6.
-3555
333 (base 16) to base 9
1110
What is e0a (base 16) in base 4?
320022
What is -2542 (base 9) in base 4?
-131231
774 (base 8) to base 14
284
What is -d66 (base 14) in base 5?
-41023
Convert -2a47 (base 11) to base 13.
-1a2a
2010 (base 4) to base 11
110
2120020102 (base 3) to base 16
c52a
Convert 110001111000000 (base 2) to base 8.
61700
-3111 (base 4) to base 16
-d5
Convert -8515 (base 10) to base 7.
-33553
What is 2313013 (base 5) in base 9?
63088
Convert -458 (base 10) to base 8.
-712
-54341 (base 6) to base 5
-214402
Convert 33 (base 11) to base 12.
30
What is -2537 (base 12) in base 15?
-13b4
Convert -1609 (base 11) to base 13.
-c2c
231341 (base 5) to base 14
3082
Convert 3302 (base 11) to base 16.
1106
What is -286 (base 11) in base 14?
-1a0
Convert -1111010110110 (base 2) to base 4.
-1322312
What is -23415 (base 6) in base 7?
-12620
-15d1 (base 16) to